 - 5 - 75) + (-74 - -81).
-60
What is -24 + -24 - -10 - (-32 - 1)?
-5
What is the value of 167 - 30 - 127 - (1 - 9)?
18
16 - ((25 - (17 - -1)) + (0 - 5))
14
2 + -18 + (-43 - -157 - 49)
49
What is 4 - (9 + 2 + -11 + -10 + 4)?
10
-25 + 2 + -36 + 18
-41
Calculate 10 + ((19 - 25 - 12) + 21 - (1 - -29)).
-17
Evaluate 3 + -2 + 45 + (-75 - (-126 - -52)).
45
Calculate 59 + 11 + (-7 - (1 - (-15 + 3) - 13)).
63
Calculate 12 + -6 - (7 - (-19 - -51)).
31
Calculate -57 + -14 + 53 - (1 + -26).
7
-3 + -73 - (0 + 5) - (16 + -3 + -4)
-90
Evaluate -17 - (-88 + 116 + -18).
-27
What is -202 + 109 - -137 - (2 - (2 - -1))?
45
Calculate 46 + (68 + -46 - 39).
29
What is 30 + (118 - 53) - 8?
87
What is the value of ((-4 - -10) + -2 - -9) + (-52 - (-3 - 7))?
-29
Evaluate 139 - 120 - (-17 - -46).
-10
Calculate (42 - -1) + (6 - 10).
39
What is -23 - (-76 + 67) - -16?
2
What is the value of (149 - 355) + 205 - (-1 + (6 - 3) + -106)?
103
What is 90 - (-14 - 35 - -60)?
79
What is 1 + 24 + -16 + -4 + 9?
14
Evaluate 29 + -92 + (80 - 26) + 1 + -74.
-82
What is 3 - (36 - (3 + 21 + 6 + -17))?
-20
What is 10 + -4 + 9 + (26 - 18 - 4)?
19
What is 2 + 0 + -29 + 1 + 20 + -1?
-7
What is the value of -1 + (-7 - (-5 + -11)) + -13 + 1 + 74?
70
Calculate (-1 - (-7 + 72 + 7 + -1)) + 5 + 6.
-61
-14 + 25 + (-1 - 25 - -39)
24
Evaluate (-2 - -5) + -52 - (-54 - -29 - (-53 - -43)).
-34
What is the value of 5 - (6 - (-7 - (10 + 1 + -11)))?
-8
6 + -10 + -5 + -129 + (-48 - -67)
-119
Evaluate (-73 - -47 - 34) + 111.
51
Calculate -84 + (477 + -447 - (30 - 2)).
-82
Calculate 1 - 14 - (-222 + 85 - -115) - -45.
54
What is 51 + -13 + 16 + -8 - (51 + -54)?
49
What is (-99 - (-12 - 43)) + -3 + 0?
-47
What is -97 + (-1 - (50 + -118))?
-30
What is 43 + (-106 - -62) - (-2 + -15)?
16
What is the value of 14 + (18 - ((-2 - 0) + -5)) + (23 - 11)?
51
What is -16 - ((-1 - (5 + 1)) + (-1990 - -1974))?
7
Calculate (-70 - -9 - (-1 - 1)) + 8 + 12.
-39
Evaluate 19 - ((-3 - 6) + 32 + 34).
-38
What is 48 + -10 + 35 + -52?
21
What is the value of -38 - -58 - -18 - -52?
90
-19 - -57 - -50 - 161
-73
Calculate (86 - (195 + -144)) + (-38 - -1).
-2
Evaluate -49 - (1 - -5) - -4.
-51
1369 + -1399 + (2 - 4) + 107
75
Calculate -11 - (-3 - 0 - (5 + 24 + -18)).
3
Evaluate -185 - -245 - (-2 + 48).
14
Evaluate -15 + 6 + -7 - (-22 + 43).
-37
What is -121 - -120 - (3 - 6 - 4)?
6
What is the value of 386 + -381 + -110 + 21?
-84
What is the value of 329 - (28 - -38) - 120?
143
Calculate -80 - 21 - (-62 + -115).
76
(16 - (-1 + -15 + 38)) + (3 - 0) - -17
14
Calculate -54 + (26 - (84 + -45) - (-6 + 1 + 0)).
-62
-27 + -94 - -84 - -67
30
Calculate -1212 - -1221 - (53 - 0).
-44
Evaluate -21 + 23 - 58 - 2 - -1.
-57
Evaluate 4 - (-4263 - -4171 - (-2 + -7 - -1)).
88
Evaluate -35 + (-63 + 47 - -44) - (1 - -39).
-47
Evaluate (-1020 - -985) + -1 + -10.
-46
Evaluate -333 + 323 - (0 + -47 + 4).
33
Calculate 66 + -23 + 40 + (-6 + 6 - 17).
66
Evaluate (-3 + 10 - (15 + -10 + 24)) + -8.
-30
Evaluate 22 + (1 - (-18 - (17 - 34))) + 1.
25
What is the value of (-63 - -96) + (12 - 185 - -7)?
-133
Evaluate (16 - -3) + (-23 - 7).
-11
Evaluate (-48 - 33) + 49 + 54.
22
Evaluate 6 + -3 + -1 + 0 + 389 + -225 + -71.
95
What is the value of -1 + -23 + 158 + -104?
30
-3 - ((5 - -2 - 2) + (-26 - -19))
-1
Calculate (-80 - (-49 - -8)) + 38.
-1
79 + 8 + -35 - (6 - (-2 - -2))
46
Calculate -59 + (44 - -15) + 6.
6
69 + -51 + (0 - 1) - 4 - (-1 + -2)
16
(-34 - (-80 + 14)) + -101
-69
Evaluate 6537 + -6534 - (-108 + 1).
110
Evaluate (119 - 28 - -13) + (-22 - 6).
76
What is 42 + -21 - (-14 - 11)?
46
17 + (24 - -7 - 40) + (1 - -84)
93
Calculate 0 - (21 + (1 - 44)) - (1 - -14).
7
Evaluate -134 - (1 + (-28 - -20) - 9).
-118
Calculate 82 - (17 + (-14 - -20) - 0).
59
What is the value of 12 + -1 - (-210 - -172) - (-18 - -19)?
48
What is the value of -50 + -11 - (-10 + 9 - ((-4 - -3) + 8))?
-53
What is the value of 14 - ((-8 - -50) + -157)?
129
-2 - ((5 - -7 - 3) + 2 + -41 + 6)
22
What is the value of (-15 - 20) + 28 + -27?
-34
Calculate 1 - -4 - (572 - 573 - (-4 - (4 - 78))).
76
Evaluate 68 + -80 + -11 - -82.
59
What is the value of 38 + -17 + (5 - 0) - -21?
47
Evaluate -183 + (-6 + -14 - -103).
-100
0 + -5 + (43 + -11 - (-22 + -15))
64
Evaluate 32 - (-69 - (46 + -87)).
60
Evaluate 29 + (37 + 2 - 109).
-41
Calculate 2 - -12 - (-61 + -72 + 117).
30
What is 8 + -2 - (6 + -2 - (-47 + 71))?
26
What is (-185 - (-47 + -37 + 38)) + (0 - (2 + -4))?
-137
Calculate -116 + 41 + 12 + 92.
29
Evaluate -42 + -38 - -77 - (1 + 18).
-22
-13 - (-17 - (-82 + -7 + 14))
-71
What is 24 + 2 + (40 + -28 - (3 - 1))?
36
Calculate -100 + (0 - -44) + 142 + -232.
-146
150 + -92 + -130 + 172
100
-91 + 0 + (-103 - -164)
-30
Calculate -16 - (56 - 132) - (-3 + (3 - 0) - -9).
51
What is (-4 + 14 + 10 + -22 - 10) + -30?
-42
What is the value of (10 + -21 - 9) + (-77 - -68)?
-29
Calculate 13 + -21 + (0 - -10) + -38.
-36
7 + -63 + 56 + -14
-14
Calculate 3 + -15 + 48 - 45.
-9
Evaluate 38 + 9 + 20 + -27.
40
(-3 - -2) + (150 - 104) + (5 - (-3 - -5))
48
What is the value of 12 + -9 + (-302 - -299 - ((-1 - 0) + 3))?
-2
What is the value of -27 + 5 + 12 + (16 - (37 + -3))?
-28
(-33 - (38 + -26)) + (-14 - (-4 + 0))
-55
Evaluate -1 + -19 + 7 + (-23 - 13).
-49
Calculate (9 - 5 - 10) + (-1 - -116) + (54 - 70).
93
Calculate 19 - ((17 - -2) + 10 - 10).
0
Evaluate -10 + (-1 + -1 + -38 + 43 - 19).
-26
2 + 7 + 0 - (7 + (5 + 4 - 2))
-5
What is (-301 - -385) + (-30 - -7)?
61
What is the value of 3 - ((21 - 3) + (3 + 6 - -14))?
-38
Calculate -7 - (94 - 170) - -5.
74
Evaluate 28 - (-26 + 37) - 5.
12
Evaluate -8 - 65 - (47 + -167).
47
What is the value of -13 + (5 - 2 - ((9 - -1) + (-244 - -246)))?
-22
Calculate (25 - -11 - -16 - 27) + 53.
78
(1321 - 1312) + (-14 - -17 - (1 + -25))
36
What is 1 + -73 + (11 - 1 - (38 - (-15 - -47)))?
-68
What is the value of -72 + (-33 - (-35 + 30 + -35))?
-65
Calculate (-12 - (7 - (3 + 13))) + -8 + -90.
-101
Calculate 118 + (-35 - (-121 + 202)).
2
What is 56 + 63 - 131 - (60 + -3 + -1)?
-68
((-25 - -11) + (-3 - -16) - -10) + -3 + -80
-74
Calculate (66 - (-39 - -63)) + -8 + (-2 - -1).
33
What is the value of (-5959 - -5956) + (-30 + (-3 - -3) - 0)?
-33
(-26 + 41 - 27) + -4 + 1 + (-23 - -70)
32
Calculate -146 + 171 + (-1 - (-6 - 1) - (-68 - -80)).
19
Evaluate 105 - (-122 - -58 - (-21 + -7)).
141
What is 1 + -42 - (-486 - -418)?
27
Calculate 7 - -5 - 16 - (-5 + (2 - -1)).
-2
What is -111 + 116 + -79 - -93?
19
What is the value of -43 + (6 + -26 - (-23 - -39))?
-79
Evaluate (-2 + 1 + -4 - -29) + (-204 - -68).
-112
-6 + -9 + 25 + (-2 - 105 - 8)
-105
Evaluate -129 - -116 - (-49 - (-6 + 1)).
31
What is the value of 2 + (0 - 11) + -155 + (17 - (-32 - -20))?
-135
Calculate 1 - -44 - (-114 + 122).
37
What is the value of -3 - (-2 + -2 + 4 - (-21 - (29 + -49)))?
-4
Calculate 56 + 9 + 11 - 40.
36
Evaluate (-25 - 0) + (-59 - (27 + -85)).
-26
Evaluate -274 + 220 + 82 + 6.
34
What is the value of 0 + (-226 + 232 - (-19 - (-3 - -6)))?
28
(0 - -8 - 7) + (-16 - -32) + 14
31
What is the value of 0 + -1 + (-733 - -773)?
39
What is 29 - (-99 - -73 - -71)?
-16
What is ((-17 - -1) + 4 - (3 + -10)) + -41?
-46
Evaluate 3 + 90 + 5436 + -5509.
20
-177 + (-9 - -23) + 40
-123
Evaluate (51 - 1 - 1) + -1 + 2 + 502 + -499.
53
Calculate (0 - (53 + -2)) + -1 - (-56 + -62 + 128).
-62
Calculate 78 - (-2 + -1 - (-2 + -7) - (1593 + -1595)).
70
Calculate (1 - -14) + (123 - 58 - 65).
15
What is (-29 - (15 - -4)) + 8 + -17 + 2?
-55
What is the value of -11 - (-62 + 62 + -1)?
-10
What is the value of 37 - (-35 + 14 - -111 - -21)?
-74
What is the value of 49 + -6 - (-418 + 442)?
19
What is -70 + (6 - (-7 + -1) - 4) + -7?
-67
What is the value of 11 - 0 - (-341 + 312 + 7 + -4)?
37
What is the value of 18 + 33 + -68 - -87?
70
Calculate (-2 + 51 - (98 - 87)) + -18.
20
(3 - (5 - 8) - 1) + (-24 - (-8 + 35))
-46
What is the value of (-88 - -91) + (3 + 1 - 1 - -1)?
7
Calculate (2 - 78 - -3) + (-2 + -2 + -8 - -10).
-75
What is the value of (81 - 71) + (3 + (-8 - 1) - 0)?
4
What is the value of (6 - 80) + 20 - -40?
-14
(411 - 411 - (-1 + -7)) + 0
8
What is -238 + 237 - (3 + 14)?
-18
Calculate 1 + -10 + 0 - (13 + 28 + -3 + 2).
-49
What is the value of -8 - (-5 - (29 - (6 - ((11 - 13) + -4))))?
14
Calculate -8 + 11 + -71 - (-10 - -9 - -9).
-76
What is 16 - 8